
60
What is 1 + (19 - ((23 - 28) + 28)) + (4 - -2)?
3
Evaluate (27 + -22 - (-1 + 5)) + (-99 - (-56 - -26)).
-68
What is the value of (50 - 100) + (1 - ((11 - (-4 - -4)) + -9))?
-51
Calculate (-1 - 4) + (27 - 8) - 27.
-13
(-33 - 51) + (201 - 70)
47
Calculate (5 + -6 - 36 - -2) + (31 - 26).
-30
What is -19 + 37 + (5 - (5 - 7) - -2 - -1)?
28
Evaluate 70 - (28 + 37) - (-26 - 1).
32
Evaluate 19 + (25 - (30 + (16 - 35))).
33
Calculate -32 + 66 + -37 + -33.
-36
-9 - (-37 - (2 - (11 - (-12 - -3))))
10
What is -8 - -1 - (60 + -28 + -31 - -37)?
-45
What is the value of 61 + 49 - (-136 + 146)?
100
Evaluate (-5 - -4 - (32 - 25)) + 64 - (4 + -16).
68
(-11 + 5 - 72) + 10 - -14
-54
Evaluate (-56 - -31) + (4 - 5 - 0) + 10 + -7.
-23
What is the value of ((-3 + -11 - -3) + 56 + -50 - 68) + 1?
-72
Calculate -77 + 70 + (-1 + 0 - -7) + 37 + 1.
37
What is the value of 0 + -31 + (116 - 105) + 45?
25
What is the value of (0 - -38) + (22 + -14 - 3) + (-4 - 9)?
30
What is 20 - 3 - (-27 - (8 + -35) - 30)?
47
What is -39 - (-93 + -58) - 199?
-87
Evaluate 7 - (14 + (15 - 62)).
40
What is (4 - 36 - -24 - 2) + -5?
-15
What is 25 - (5 - -1 - (-546 - -519)) - (1 + -110)?
101
What is the value of 2 + 0 + -10 + 136 + -170 + 36?
-6
(-26 - (-6 + 2 - 3)) + -26
-45
Evaluate (110 - (-34 + 141)) + -94.
-91
-153 - (82 - 267) - 64
-32
What is the value of 77 + (-70 - -48) + -20?
35
Evaluate (1 + -2 + 9 - (-54 - -78)) + (-230 - -138).
-108
(2902 - 2910) + (59 - 1)
50
-47 + (-23 - (7 - 144))
67
(6 - (12 - 24)) + -15 - (-15 + 8 + 120)
-110
Evaluate 22 + (-70 - (59 + -51)).
-56
What is -29 + -134 + (183 - 58)?
-38
What is the value of -4 + (-18 + 13 - -50) + -28?
13
What is the value of (-11 - -6) + (29 - 7 - 28 - (-52 - 0))?
41
Evaluate (0 - 7) + 28 - (7 + -2) - 11.
5
What is the value of -97 - ((-122 - -116) + 5 + 3) - -11?
-88
Calculate (1 - -23 - -1) + (74 - (70 + 17)).
12
Calculate 0 - (59 + -52 + 49).
-56
Evaluate -259 + 276 - (68 + 19).
-70
What is the value of -58 + 62 + -39 + 24?
-11
Evaluate (39 - (-2 - 1)) + (5 - 1 - (-6 + 12)).
40
What is the value of (-2 - ((3 - 2) + 0)) + -41 + -1657 + 1663?
-38
(-18 - -5) + -35 + 45 + -2 + 7 - -28
30
What is -339 + 344 + (55 - -1) + (-10 - -5)?
56
What is -8 + 9 - 11 - (5 - (-62 + 1))?
-76
What is the value of -1 - -12 - (-29 - 0)?
40
What is 4 + -16 + -24 + 43 + (-15 - 0)?
-8
Calculate (-53 - 2 - -2) + (-245 + 156 - -99).
-43
-90 + 259 - 86 - 108
-25
Evaluate -96 - -147 - 59 - (2 + 2 - (-1 + 100)).
87
What is the value of 16 - (8 + -10 + -5) - (1 + 5 + -9)?
26
(-1 - 5 - 2) + 5 + -16 + 0
-19
Evaluate 0 - -2 - -4 - (-161 - (-10 - 74)).
83
What is -36 + (118 - 64) - 17?
1
Calculate (-42 - 5) + (-87 - (72 + -110)).
-96
What is 19 - (31 + -70 + 13)?
45
Calculate 22 - (-55 + 83 + 12) - (0 + -2 + -8).
-8
Calculate (114 - 124) + 1 + -7 + 2 + 2.
-12
Evaluate 60 - 47 - ((4 - 35 - 2) + -4).
50
What is the value of -604 - -608 - (-7 - (-138 + -6))?
-133
(26 - (17 + 13) - 21) + 59
34
Calculate 24 + 15 - (-2 - ((5 - 24) + 9)).
31
What is the value of (1 - -6 - 5) + 12 + 29 + -12?
31
Calculate (-3 - (-1 - (-1 + -11))) + (16 - 11).
-9
Evaluate 70 + 14 + 31 + -41 - 6.
68
What is the value of 6 - (6 - 4 - (5 + -12) - (63 - 0))?
60
Evaluate -4 + (6 - (6 + 4)) - (12 - 21) - 34.
-33
Evaluate -3 + 14 - (87 - 58).
-18
Calculate 3 + -25 - (51 - 85 - -77).
-65
Evaluate 11 + -18 + -20 + 23 - 15.
-19
What is ((-12 - -6) + (47 - 41) - (-1 - -69)) + 4?
-64
13 - -15 - (99 + -65)
-6
What is (-56 - (-157 - -1)) + (-5 - -9) + 18?
122
Evaluate -48 - (14 + -33 + (47 - 43)).
-33
Evaluate (-721 - -730) + (1 - (79 + 3)) + 3.
-69
Evaluate 1481 - 1428 - (-2 + 28).
27
Calculate -20 - (17 - 88 - -16) - 19.
16
Evaluate -148 - -29 - -68 - -43.
-8
What is -22 + (275 + -274 - (1 + -77))?
55
What is the value of 4 + -21 - -25 - (-39 - (-7 + -6 + 13))?
47
What is the value of 101 + 5 + -38 + 4 + 6?
78
Evaluate 39 - 33 - (-8 + -1 + (-26 - (10 - 141))).
-90
What is 225 + -123 + -241 - (11 - (3 - 1))?
-148
-13 + (32 - 15 - 11)
-7
Calculate (2 + -2 - (15 - 12)) + (-9 - -59) + 0.
47
What is 119 + 0 - ((-20 + -52 - -111) + -49)?
129
What is the value of 41 - (131 + -71 + -71)?
52
-13 + -1 + (-24 - (-140 + 25)) + -25
52
Evaluate 1 + 4 - (10 - ((8 - 16) + 55) - 3).
45
What is the value of -13 + 39 + -33 - (1 + -30)?
22
32 - (-82 + 201 + 6)
-93
Evaluate (5 - 3 - 25) + (258 - 264).
-29
What is 3 + (-12 - -25 - 3 - (-14 - (-6 - -1)))?
22
0 + 2 + 58 + (125 + -68 - 66)
51
What is the value of 40 + 34 - 36 - 2?
36
Calculate (4 - -55) + (922 - 962).
19
Evaluate 0 + 108 + -29 + -52.
27
Calculate (5 - 4) + -14 + -5 + 54 + -47.
-11
2 + 9 + (1 + 17 - (-57 - -53))
33
What is 11 - 1 - (0 - -1 - (20 + -54 - -74))?
49
What is the value of (2 + -2 - -1) + (-28 + -4 + 12 - -12)?
-7
Evaluate (71 - 40) + 13 - 80.
-36
What is 115 - (13 + (-132 - -109) + (20 - 1))?
106
Evaluate -45 + 64 + 42 - 20.
41
What is the value of (0 + 3 - -12 - 2 - (-760 + 768)) + -7?
-2
Calculate 40 + -163 + 20 + 124.
21
Evaluate -9 + 28 + -6 - (5 + 70 + 32).
-94
4 + -4 + 3 - (3 + -15 + 26 + 4)
-15
71 - ((-12 - -35 - 3) + -18)
69
Evaluate 97 + -282 + 233 + -103.
-55
Evaluate (209 - 135 - (70 - -4)) + 0 + -6.
-6
(-66 - 39) + 106 - (1 - -37) - -10
-27
What is (54 - 30 - 19) + 1 + 4 - -6?
16
What is the value of (-12 - -31 - 19 - -15 - 11) + (43 - -1)?
48
What is (1 - 17) + 2 - (-12 - (-21 + 3))?
-20
What is -115 + (42 - 36) + 6?
-103
Evaluate 47 + -7 + (-154 - -120).
6
What is -28 - (-13 - 61 - (54 - 43))?
57
What is the value of -1 + -78 - ((11 - (-19 + (-17 - -54))) + 11)?
-83
-18 - (6 + 2) - -5 - -4
-17
What is the value of 9 - (16 - (4 - 2)) - -49 - 9?
35
What is -6 - 15 - (-26 + 17) - (-95 + -5)?
88
(12 - (107 - 71)) + (18 - -4)
-2
What is 55 + 6 - 46 - 45?
-30
-139 + 134 + (-31 - 9 - -11)
-34
What is (-1 - 8) + (79 - 76 - (119 - 34))?
-91
Calculate 6 + -41 + 53 + -13.
5
Evaluate 120 + -2 + (-27 - (-17 + 14)).
94
Calculate -19 - (0 + 16 + (352 - 357)).
-30
-21 + 30 + (-3 - 0) + -64 + 41
-17
-86 - (27 - (61 - 31))
-83
Evaluate 1 - -28 - (7 - 51).
73
What is (139 - 175 - -25) + 0 + 36?
25
What is 211 - 168 - (-3 - (4 - 4))?
46
Calculate (256 - 164 - (-3 + 4 + -7)) + -12.
86
Evaluate (0 - -52) + -5846 + 5801.
7
Evaluate 2 + (-2 + 31 - (0 + -2 + (0 - 6))).
39
Calculate (-11 + 0 - (41 - 38 - -1)) + 63.
48
What is 3 + -3 - -17 - (2392 - 2375)?
0
Evaluate -111 + (26 - 24 - -21).
-88
Calculate (12 + -8 - -28) + -42 + (-81 - 0 - 3).
-94
Evaluate (-48 - -72) + -42 + -22.
-40
What is the value of -6 + (-1 - -1) + (39 - 4) + (639 - 636)?
32
-34 + 3 + 2 - (-4 - (-12 + -4))
-41
Calculate -1463 + 1485 - (15 - 0) - (-45 + 2 + 0).
50
What is (-53 - ((8 - 15) + -23)) + 109?
86
Evaluate 132 - -1 - ((-70 - 68) + 89 + 34 + 0).
148
What is (-23 + 36 - (1 - -21)) + 11?
2
Evaluate -26 + (17 - 54) + 29.
-34
Evaluate 21 - (-35 - -46) - (3 + -4 + (1 - -63)).
-53
32 + -1 - (17 - (42 + -29))
27
What is the value of (73 - (63 - 12)) + 6?
28
Calculate (-16 - 4) + (76 - -2 - 23).
35
What is (-19 - (-22 - 67)) + (1 - 9) - 11?
51
Evaluate 10 + 8 + -67 + 11 - (-2 + (11 - 4)).
-43
What is -22 + 38 - (7 - (12 - 26)) - 68?
-73
What is the value of 3 - -1 - (4 + 45 - (-175 + 157))?
-63
Evaluate (101 + -86 - (66 + 5)) + (1 - 0) + 4.
-51
What is (63 - -7) + -114 - (-1 - 1)?
-42
Calculate (0 + -37 - (-32 - (-22 + -2))) + 12.
-17
What is the value of 3 - (-38 - (-11 + (9 - 3) + 0))?
36
What is 0 + 16 + -28 + 9 + 4?
1
Calculate -96 + 76 + 14 + 134.
128
-63 - (-49 + -42 + 58)
-30
What is (-17 - -22) + 5 + 5 - -16?
31
-1 + 1 - 9 - (15 + (-3 - 17)) - -100
96
Calculate (169 - 153 - (-2 + 25)) + 15 + -62.
-54
Evaluate (21 + -26 - -38) + -8.
25
Calculate 13 - 21 - (-26 + (28 - -4)).
-14
What is the value of 0 + 3 - (20 + (-50 - 51))?
84
Calculate -2 + (4 - -11) + -22 + (7 - -11) - -75.
84
What is the value of 31 - 1 - (548 - 514)?
-4
What is 18 - ((-3 - 26) + -7 + 8 + -12)?
58
What is (0 - -2) + -7 + (42 - 47) - -1 - 45?
-54
Calculate -9 + (30 + -90 - (-59 + 27)).
-37
-36 - (-36 + 61 + -47 + 56)
-70
Evaluate (45 - (6 - (12 + -6 - -15))) + -19.
41
What is the value of (-2 - 7) + (-32 - (-42 + -2 - (-145 - -125)))?
-17
What is the value of -23 - ((1 - -27) + (-23 - -35) + -28)?
-35
(-109 - 3) + (-15 - 2) + 70 + -48 + 9
-98
What is the value of 1 - (0 + 0 + 11) - (30571 - 30588)?
7
Wh